uppose -3*q = y + x*y + 196, 0 = -5*y + 4*q - 276. Let h be 140/(-65) + (-8)/y. Let u(r) = -2*r**2 - r. Give u(h).
-6
Let w = -647 + 698. Suppose 0 = -26*b + w - 25. Let d(a) = -2*a**3 - 2*a**2 + a. Give d(b).
-3
Let c(h) = -h**2 + 6*h + 26. Let q be c(13). Let m = 111 + q. Let u = m - 44. Let n(i) = -i**3 + 2*i**2 + i - 2. What is n(u)?
0
Suppose 0 = -2*o + 4*c - 26 - 22, -4*o + 3*c - 76 = 0. Let m(g) = g**3 + 18*g**2 + 35*g + 35. Give m(o).
-13
Let o = 4 + -5. Let y(x) be the second derivative of -12*x + 0*x**3 - 1/2*x**2 + 0*x**4 - 4 - 17/20*x**5. Determine y(o).
16
Let n be (-4*7/70)/(46/50 + -1). Let t(z) = 22*z - 9. Determine t(n).
101
Let m(i) be the third derivative of -i**5/60 - i**4/4 - i**3 + i**2. Let z be 10/(-15)*(546/21 - 20). What is m(z)?
2
Let t(m) = 2*m**3 - m**2 - m - 1. Let x(o) = -3*o**3 + 7*o**2 + 7*o + 4. Let h(w) = t(w) + x(w). Let j be h(7). Let s(z) = 4*z - 1. What is s(j)?
-17
Let i(j) = -3*j - 9*j - 3*j**3 + 15 - 12*j**2 + 2*j**3 + 2*j. Let a be 79/(-7) + (-2)/(-7). Let h be i(a). Let v(z) = z**2 + z - 4. What is v(h)?
16
Let u(w) = 14*w + 3. Let k(q) = -461*q - 6462. Let y be k(-14). Calculate u(y).
-109
Let q(y) = y**2 + 7*y + 2. Let f = -23 - -26. Suppose 2*z = -4, -3*z - 19 = 2*s + f. Determine q(s).
10
Let d = 289 + -289. Let k(u) = -u**2 + 38*u + 14 + d*u - 22*u. Calculate k(16).
14
Let x be (-2)/8 - (-1)/4. Let i be (-4)/(-6)*(-33)/(-22). Let d(t) = 7*t - 26. Let w(y) = 2*y - 1. Let c(l) = i*d(l) - 4*w(l). Give c(x).
-22
Let d(i) be the third derivative of 13*i**4/24 + 2*i**3/3 + 1264*i**2. Determine d(-5).
-61
Let d(b) be the first derivative of -2*b**3/3 + 6*b**2 - 7*b + 530. What is d(5)?
3
Suppose 0 = -k + 5, r + 22*k + 140 = 26*k. Let o be 6/(-15)*r/16. Let s(p) = -2*p + 2. Calculate s(o).
-4
Let t(c) = 10*c**2 + c + 2. Let h(k) = 27*k**2 - 6*k + 1. Let n(z) = h(z) - 3*t(z). Determine n(-2).
1
Let u(p) = p**3 + 15*p**2 + 12*p + 26. Let b(g) = -g + 1. Let t(k) = -2*b(k) + u(k). Give t(-14).
24
Let f(z) = -3*z**3 - 4*z**2 + 2*z + 33. Let y(k) = k**3 + 3*k**2 - k - 15. Let l(r) = -2*f(r) - 5*y(r). Calculate l(4).
-35
Suppose -4*o + 3*f = 5*f - 80, 70 = 3*o - f. Let j be 2/(-4)*(o - 40). Let w(h) = 4*h - 3. Determine w(j).
33
Let u = 1394 + -1404. Let i(b) be the third derivative of -b**2 + 0 + 0*b - 1/24*b**4 + 1/3*b**3. Give i(u).
12
Suppose 12 = -7*f + 11*f. Let k(y) = 2 + 6*y + 2 - 4*y + f*y. Let z(m) = -m**3 - 3*m - 11. Let i be z(-2). What is k(i)?
19
Let y(h) = h. Let a(f) = -3*f - 4. Let k(m) = 6*m + 10. Let w(v) = 9*a(v) + 4*k(v). Let s be w(0). What is y(s)?
4
Let m(a) = 7*a**3 - 3. Let k(g) = 41*g**3 - 7*g**2 - 18. Let n(u) = -k(u) + 6*m(u). Give n(-3).
36
Let s(t) = t + 1. Let g(h) = -h**2 + 11*h - 1. Let v(b) = -g(b) + 5*s(b). Let u(d) = d**2 - 25. Let q be u(0). Let y = q + 31. Determine v(y).
6
Let n(t) = 9*t**3 + 25*t**2 + 5*t - 20. Let b(v) = 4*v**3 + 12*v**2 + 3*v - 10. Let a(w) = 11*b(w) - 5*n(w). Calculate a(8).
-10
Let k(d) = 3*d - d + d**2 - 6 + 3. Suppose 2*w - 44*h + 42*h = 136, 0 = -5*h - 15. Suppose 0 = -44*a + w*a + 84. What is k(a)?
5
Let g(j) = j**2 + j - 1. Suppose -2*a = h + 7, 28*h - 27*h - 4*a = 17. Determine g(h).
1
Let h(c) = -2*c**2 + 8*c. Suppose 2*i = -30 + 186. Suppose 0 = -10*x - 12 - i. Let p(l) = -3*l**2 + 15*l. Let y(o) = x*h(o) + 5*p(o). Give y(-2).
6
Let i be ((-87)/(-15) - 6)/(1/(-65)). Let f(b) = -b**2 + 15*b - 21. Let y be f(i). Let o(x) = 2*x + x**2 + 4*x - 2*x**2 - 2. Determine o(y).
3
Let v = 9 + -4. Let p(b) be the first derivative of -1/3*b**3 - 7*b - 4 + 7/2*b**2. Determine p(v).
3
Let k(y) = y - 4 + 0 + 2*y. Suppose -3*q + 219 = 6*i + 171, -4*i + 40 = 4*q. Calculate k(q).
8
Let h be ((-4)/14)/((-40)/560). Let d(w) = w - 3. Calculate d(h).
1
Suppose -6*u + u = 220. Let j = u + 33. Let x(p) = p**3 + 10*p**2 - 10*p + 18. Let i be x(j). Let l(w) = -w**3 + 7*w**2 - 3. Give l(i).
-3
Let w(a) = a**2 - 2*a + 3. Let k = -2340 + 2343. Calculate w(k).
6
Let i(p) = -p**2 - 14*p - 16. Let x be 3/3*(-42)/14. Let w(k) = k**2 + 13*k + 15. Let v(s) = x*i(s) - 4*w(s). What is v(-8)?
4
Let l(t) = -1867*t**2 + 8 - 10*t - 1873*t**2 + 3739*t**2. Give l(-10).
8
Suppose -2*x = -3*x - 5, -x = -4*m + 25. Suppose -3*d + 4*d = -y - m, -3*y = -d - 17. Let o be 5 + -2 + -1 + d. Let i(h) = -h**2 - 8*h - 8. What is i(o)?
4
Let h(y) be the first derivative of 9*y**2/2 - 52*y + 2441. Give h(7).
11
Let w(q) = -q**3 + 10*q**2 - 15*q - 16. Let v(k) = 13*k - 202. Let m be v(15). Let n(c) = -c + 1. Let j be n(m). Determine w(j).
-8
Let n(b) = -7*b + 18. Let j(x) = -2 + 9*x + 3 - 28 + 8. Let p(g) = 3*j(g) + 4*n(g). What is p(7)?
8
Let x be 5/1*(77/5 - 4). Let g = -56 + x. Let d(a) = g + 7*a - 163*a**2 - 1 + 164*a**2. Give d(-7).
0
Let o(h) = -34 + 92*h - 97*h + 103*h - 103*h. Give o(-12).
26
Suppose 19*g - 126 = 121. Let n be 3*-6*2/(-9). Let x(u) = g - 5*u + n*u - 5 - u. Calculate x(6).
-4
Let k(r) = 2*r**2 + 6*r - 5. Suppose 0 = -1467*y + 1474*y - 28. Suppose 0 = 3*z + 3*p + 15, -2*z + 0 = y*p + 10. Give k(z).
15
Let o(n) = -n**3 + 4*n**2 + 5*n + 4. Let k be (-4)/18 - (-3)/((-81)/(-114)). Suppose -k = -b - 13. Let u = 14 + b. Calculate o(u).
4
Let j(p) be the first derivative of 17*p**2/2 + 74*p + 5788. What is j(-3)?
23
Let t(a) be the first derivative of 7*a**2/2 + 18*a - 155. Determine t(-4).
-10
Suppose 356 = 9*d - 22. Let r = 39 - d. Let l(a) = 3*a**3 - 8*a**2 + 5*a - 2. Let x(c) = -2*c**3 + 8*c**2 - 4*c + 2. Let f(q) = r*l(q) - 4*x(q). Give f(-8).
-10
Let v(p) be the first derivative of -5*p**3/3 - p**2/2 + 4*p + 2553. Calculate v(2).
-18
Let l(b) = 6 - 5*b - b + b + 3*b. Let w be l(2). Let a(t) = 7*t - t**w + 6 + 13 - 24. Give a(7).
-5
Let r(y) = 3*y**3 + y**2 - 70*y + 57. Let q(x) = x**3 - 28*x + 28. Let s(g) = 5*q(g) - 2*r(g). Give s(0).
26
Let s(f) = -16*f**2 + 7. Let b(d) = 129*d**2 - 12*d - 58. Let o(m) = b(m) + 8*s(m). Suppose -26 = -5*q + 3*q. Calculate o(q).
11
Let k(y) = -y**2 + 3*y - 1. Let o(r) = -r**3 - 13*r**2 - 13*r - 8. Suppose -5*f - 3*b - 16 = 35, 5*f + 2*b + 54 = 0. Let u be o(f). Determine k(u).
-5
Let h(l) be the first derivative of l**4/4 + 11*l**3/3 - 14*l**2 - 10*l - 5354. Calculate h(-13).
16
Let z(g) be the third derivative of -1/8*g**4 - 1/60*g**5 - 2*g**2 + 0 - 2/3*g**3 - 3*g. Calculate z(-6).
-22
Let o(i) be the second derivative of -1/6*i**3 + 1/2*i**2 - 1/20*i**5 + 0 + 4*i - 1/2*i**4. Give o(-6).
7
Let p(k) be the first derivative of -68*k**3/3 - k**2/2 + 131. Determine p(-1).
-67
Let a(p) = p - 1. Let v be 9 - 2*(9 - 6). Suppose 4*q + 2*t - 18 = 0, 0 = -v*q - 0*t - 5*t + 24. What is a(q)?
2
Let c(a) = -a**2 + a + 1. Let s(r) = -r**3 + 24*r**2 + 28*r - 23. Let z be s(25). Let p = 49 - z. Determine c(p).
-11
Let z(i) = -6*i**2 + 0*i**2 + i + 2*i**2. Suppose 863*q + 206 = 1069*q. Give z(q).
-3
Let o = -6846 - -6849. Let x(c) be the second derivative of -7/12*c**4 + 3/2*c**2 + 1/20*c**5 + 0 - 19*c + 5/6*c**o. Give x(6).
-3
Suppose -f - 2*l - 32 = 0, 0 = 5*f - l + 4*l + 188. Let d = 46 + f. Let r(b) = 4*b - 1. What is r(d)?
23
Let n = -412 - -415. Let o(c) = -27*c + 5*c**2 - c**n + 20*c + 7*c. Let q = 1 - -3. Give o(q).
16
Let s(m) = -7*m - 6. Let u(p) = 7*p + 5. Let h(w) = -2*s(w) - 3*u(w). Let x(j) = 2*j**3 - 134*j**2 - 5320*j - 2. Let g be x(95). Calculate h(g).
11
Let g(m) be the third derivative of m**6/60 + 7*m**5/20 - 13*m**3/2 + 10*m**2 - 253*m. What is g(-10)?
61
Suppose -28*k - 6 = -30*k. Suppose 0*v - 19 = 4*v - k*d, v - 4*d + 8 = 0. Let j be 1 - (0 - v)/4. Let z(o) = -o**2 + 9. Give z(j).
9
Let q(u) be the third derivative of u**6/72 + u**5/120 + u**4/24 - 13*u**3/6 - 14*u**2. Let k(x) be the first derivative of q(x). Let s = -29 - -27. Give k(s).
19
Suppose -4*h = -12, -396 = 5*v - 5*h + 84. Let y = -95 - v. Let m be ((-3)/3)/((y + -3)/(-15)). Let f(p) = -p**2 - 3*p - 1. Determine f(m).
-1
Let t(j) = -j**2 + 95*j - 75*j + 39 + 89*j - 104*j. Determine t(-9).
-87
Let d(n) = 2*n + 5. Let s(w) = 15*w - 11. Let a(y) = -7*d(y) + s(y). Determine a(-3).
-49
Let m(q) be the first derivative of -q**4/4 + q**3/3 + q**2 + 682. Give m(2).
0
Let f(x) = 134*x**2 - 20*x - 1. Let q(n) = -115*n**2 + 17*n + 1. Let o(t) = -6*f(t) - 7*q(t). Let r = -3 - -4. Give o(r).
1
Let m = -10 - -17. Suppose -9*g - 1377 = -26*g. Let x(y) = g*y**2 + y - 56 - 88*y**2 + 59 + 